 + 50. What is the units digit of v?
8
Suppose 2*b - 8 = -4*z - 0*b, -z + 5*b + 2 = 0. What is the tens digit of (-12 + -1)/(-1) - z?
1
Suppose 3*s + 72 = 7*s. Let l = 7 - s. Let g = -4 - l. What is the units digit of g?
7
Let s = 4 - -9. Suppose 0 = -m + s - 2. What is the tens digit of m?
1
What is the units digit of (-5 - -5) + 2*15?
0
Let h = 9 - 11. Let z = 1 - h. What is the units digit of z?
3
What is the tens digit of (2/7 + 10705/(-105))*-3?
0
Suppose -3*w - 40 = w - 4*p, -w - 15 = 4*p. Let t be (1 + 2)/((-6)/(-32)). Let h = t + w. What is the units digit of h?
5
Suppose 2*g - 6*g + 8 = 0. Suppose -g*a = -a. Suppose a = -2*r + 7 + 9. What is the units digit of r?
8
Suppose 4*u = 3*p + 2*p + 9, -30 = -4*u - 2*p. Let x be (-134)/(-3) + 2/u. What is the units digit of (-3)/(-12) - x/(-12)?
4
Let c = -2 - -3. Let g = c - -2. Suppose 4*z - g*z = 5. What is the units digit of z?
5
Suppose k - 4 + 1 = 0. Let x = -3 + 3. Suppose -f = -x - k. What is the units digit of f?
3
Let o(k) be the second derivative of -k + 4/3*k**3 + 6*k**2 + 0 + 1/12*k**4. What is the tens digit of o(-8)?
1
Suppose 3*p + 1 = -5, 2*s + 4*p = 32. Suppose 2*h = -0*h + s. What is the tens digit of h?
1
Suppose -4*o = c - 4*c - 29, 5*o = -5. Let k = c - -16. What is the units digit of k/(5/(-2)) + 7?
5
Suppose -5*y + 376 = -4*y + 4*b, 2*y - 5*b - 687 = 0. What is the tens digit of y?
5
Let x = -6 + 10. What is the units digit of (-37)/(-7) - x/14?
5
Let a be ((-9)/5)/((-9)/30). What is the units digit of 152/a - 3/9?
5
Suppose -2*c + 20 = 3*c. What is the units digit of c?
4
Suppose -x = -2*g + 22 + 30, 52 = 2*g + 5*x. What is the tens digit of g?
2
Let l = -18 - -25. Let g = 12 - l. Suppose q + 8 = g*q. What is the units digit of q?
2
Let l(m) be the first derivative of 2*m + 0*m**3 - 1/4*m**4 + 3/2*m**2 + 1. What is the units digit of l(-2)?
4
Let g = -2 - -3. Let y(t) = 7*t**3 + t**2 - 1. What is the units digit of y(g)?
7
Let k = 1 - -3. Suppose -m + 13 = k. What is the units digit of m?
9
Let t = -105 + 155. What is the units digit of t?
0
Let y be (5/(-10))/((-1)/8). Suppose 5*l - y = -b + 15, -l + 4*b = 13. What is the units digit of -1 - (-2 + l - 7)?
5
Suppose 0 = 2*v - k + 2, 20 = 5*k - 0. What is the units digit of (12/(-8))/(v/(-12))?
8
Suppose -v - a - 3 = -3*v, -v + 5*a - 21 = 0. Suppose -5*c + v = -6. Suppose -c*g = -4 - 14. What is the units digit of g?
9
Let v = 3 + 1. Suppose 3 = v*p - 3*p. What is the units digit of p?
3
Let z be 4*(15/12 + -2). What is the units digit of 1 - (-5 + -3 - z)?
6
What is the tens digit of 4/(-18) - 569/(-9)?
6
Let b be -1 - (-36 + (-8)/(-4)). Suppose 0*y - b = -y. What is the tens digit of y?
3
Suppose 20 = 9*d - 5*d. Let v = 14 - d. What is the units digit of v?
9
Let x(i) be the second derivative of i**4/12 + 4*i**3/3 + 5*i**2/2 + 2*i. Let t be x(-6). Let z(n) = -n**2 - 7*n + 1. What is the units digit of z(t)?
1
Suppose -a = -41 - 4. What is the tens digit of a?
4
Suppose 4*m = -8 - 20. Let x = 12 - m. What is the tens digit of x?
1
Suppose 141 = 4*g - g. What is the tens digit of g?
4
Suppose 3*a + 52 + 203 = -4*d, -2*d = -a - 75. Let m = -56 - a. What is the units digit of m?
5
Let w(o) = -38 - 106 + 5 - o**2 - 75. Let t be w(0). What is the tens digit of t/(-14) + (-16)/56?
1
Let j(g) be the second derivative of g**4/12 - g**3/3 + g**2/2 + 2*g. What is the units digit of j(-3)?
6
Suppose 2*f = -2*s + 20, -1 = s - 2*f - 5. Let t be (-2)/s + (-98)/(-8). Suppose 5*c - c - t = 0, -30 = -3*n + 3*c. What is the tens digit of n?
1
Let k = 38 - 14. Suppose -t - 4 = -k. What is the tens digit of t?
2
Let j(m) = m**3 + 7*m**2 - 9*m + 19. What is the units digit of j(-8)?
7
Suppose 0*b + 845 = 5*b. What is the units digit of b?
9
What is the hundreds digit of 3 + 103 + -1*(-4)/4?
1
Let x be -1 - -2*45/6. Let l = x + -4. What is the tens digit of l?
1
Let s = -2 + 5. Suppose -s*h = -0*h - 6. Suppose 0*g + 4*g = j + 7, h*j - 4 = -g. What is the units digit of g?
2
Suppose -r = -5*r + 628. What is the hundreds digit of r?
1
Let v be ((-9)/(-2))/((-4)/(-8)). What is the units digit of (-1 + 69/v)*3?
0
Suppose -7*s + 12 = -s. Suppose 167 = 4*t - 5*r, s*t = t + r + 41. What is the units digit of t?
8
Let z be 2/(-9) - 60/(-27). Suppose 8 = -z*j + 3*j. What is the units digit of j?
8
Let m = 5 + -5. Suppose m*g - g + 14 = 0. What is the units digit of g?
4
Let i be (-6)/27 + (-114)/(-27). Let c = i + 3. What is the units digit of c?
7
Let v(p) be the first derivative of -p**4/4 - 8*p**3/3 + 10*p + 3. What is the units digit of v(-8)?
0
Let h = -23 + 94. What is the tens digit of h?
7
Suppose -19 = -k - 0. What is the tens digit of k?
1
Let i(o) = o**2 + o + 3. Suppose 2*t + 4 = 3*t. Let r be 1/1 + t/(-4). What is the units digit of i(r)?
3
Let p = -1 - -12. Let v = p + -6. Suppose -n = -v*s, n + 4*s - 18 = -0*s. What is the tens digit of n?
1
Let l be -1 - (-6 + (2 - 1)). Suppose 0 = -2*k + 6 - l. What is the units digit of 0 + 0 - (-4)/k?
4
Suppose 3*t + 63 = c, 5*c + 2*t - 283 = t. What is the units digit of c?
7
Let p be (-2 + (0 - -2))/(-1). Let o = p + 1. What is the units digit of 6 + o/(3/6)?
8
Let d(l) = -4*l - 1. Let y be 6/(-9) + 10/6. Let n be d(y). Let c = -3 - n. What is the units digit of c?
2
Let q(o) = 9*o - 2. What is the units digit of q(2)?
6
Suppose -o + 3*h = 13, 3 = -4*o + h + 6. Suppose 7*q - o*q = 0. Suppose 5*j - 2 - 3 = q. What is the units digit of j?
1
Let q(c) = -c**3 - 9*c**2 - 7*c + 11. Suppose -6*m + m = 40. Let d be q(m). Suppose -5*b - i = -d*b - 30, -3*b = -i - 50. What is the tens digit of b?
1
Let d(r) = -r**3 - 5*r**2 + r - 6. Let i be d(-6). What is the units digit of 280/i + 4/(-6)?
1
Let l(f) = f**3 + 2*f**2 - f. Let v be l(-2). Let b(p) = -8 + 3 + 4*p**2 - 2*p - v*p**3 + 3*p**3. What is the units digit of b(-4)?
3
Suppose -10 + 2 = g. Let w = g + 26. What is the tens digit of w?
1
Let a(n) = n**3 - 9*n**2 - 3*n + 12. Let g = -19 + 28. Let m be a(g). What is the units digit of (-85)/m - 2/(-6)?
6
Let v = 11 - 2. Suppose 0 = 3*c + 4*s - 43, -4*c = -5*c + 2*s + 1. Suppose -z + v = -c. What is the tens digit of z?
1
Let t = -8 + 14. What is the units digit of t?
6
Let w(p) = -p - 8. Let d be w(-8). Let k be 4 + 1 - (0 + d). Suppose 10 = k*q - 0*q. What is the units digit of q?
2
Let a(n) = 3*n**2 - 3*n - 14. What is the hundreds digit of a(-6)?
1
Let k(a) = 5*a**2 + 3*a - 9. Let v be k(5). Suppose -5*l = f - 36, 3*f - 4*l - v = -42. What is the units digit of f?
1
Let m(z) = 4*z + 1. Suppose -4*r - f + 16 = 0, -f = 3*r - 5*f + 7. What is the units digit of m(r)?
3
Let b be -2 + (3 + 4 - -3). Let y = 11 - b. What is the units digit of y?
3
Let s = 7 - 5. Suppose -s = -5*t + 3*t. What is the units digit of t?
1
Let n = 3 - -24. What is the tens digit of n?
2
Let m(k) = -3*k**2 + 3*k - 3. Let g be m(3). Let c = -4 - g. What is the tens digit of c?
1
Suppose -3*f - 5*u = -385, 4*u = -3*f + 8*u + 421. What is the units digit of f?
5
Let b(m) be the third derivative of -m**4/6 - 2*m**3/3 + 4*m**2. Let s be b(-4). What is the tens digit of 8/s + (-43)/(-3)?
1
Suppose 3*f - 2*f = 4*s - 20, -2*f - 1 = 5*s. Let d be (-572)/(-18) - f/36. Suppose 5*w = -2 + d. What is the units digit of w?
6
Let y be (0 + 0 - 1) + 26. Let f = y + -60. Let t = f - -54. What is the units digit of t?
9
Let f = -6 + 1. What is the units digit of ((-16)/(-6))/(f/(-30))?
6
Suppose 5*v + 2 = -8. What is the tens digit of (v - -1)/((-1)/11)?
1
Let n = -28 - -45. Let c = -16 + n. What is the units digit of c?
1
Let q be 3 + -2*3 - -5. Let g(f) = -4 - 6*f + 10 - 5*f**q + 4*f**2. What is the units digit of g(-6)?
6
Let c(h) be the second derivative of 3*h**5/10 + h**4/4 + h**3/6 - h**2 + h. Let y be c(-2). What is the tens digit of (9/(-6))/(6/y)?
1
Let y(z) = 6*z + 52. What is the tens digit of y(0)?
5
Let k(a) = -17*a - 6. What is the units digit of k(-8)?
0
Let g(v) = 4 + 0*v**2 + v**2 - 11. What is the units digit of g(-5)?
8
Let a be (5 - 3)/2 + 75. Suppose -u + a = 3*u. What is the units digit of u?
9
Let k(p) = 2*p**3 - p**2 + 1. Let y be k(-2). Let x = y + 35. What is the units digit of x?
6
Let m(l) = -l**3 + l**2 - l + 1. Let o be m(1). Suppose 3*h - 17 + 5 = o. What is the units digit of h?
4
Suppose 4*c - 7 = 5, -c + 179